{"id":211,"date":"2019-01-08T09:14:28","date_gmt":"2019-01-08T08:14:28","guid":{"rendered":"http:\/\/www.couriraveclirahm.be\/?page_id=211"},"modified":"2026-01-16T12:13:10","modified_gmt":"2026-01-16T11:13:10","slug":"en-pratique","status":"publish","type":"page","link":"https:\/\/www.couriraveclirahm.be\/index.php\/en-pratique\/","title":{"rendered":"En pratique"},"content":{"rendered":"<h4><strong>Comment s&rsquo;inscrire?<\/strong><\/h4>\n<ol>\n<li>Aller sur l&rsquo;onglet \u00ab\u00a0<a href=\"http:\/\/www.couriraveclirahm.be\/index.php\/inscription\/\">inscriptions<\/a>\u00a0\u00bb et remplir le formulaire avant le <strong>4 mars<\/strong><\/li>\n<li>Payer la somme de 50 euros (inscription, frais d\u2019organisation + t-shirt) sur le compte <b>BE68 7320 1572 2034<\/b>\u00a0avec comme communication \u00ab\u00a0Th\u00e9rapies : 20 KM + Nom et pr\u00e9nom\u00a0\u00bb<i> (ou de 40\u20ac si vous avez d\u00e9j\u00e0 un T-shirt de l&rsquo;ann\u00e9e 2025).<\/i><\/li>\n<li>Attendre que nous recontactons pour la formation des \u00e9quipes.<\/li>\n<li>Venir aux entra\u00eenements.<\/li>\n<li>Venir le jour J!<\/li>\n<\/ol>\n<h4><strong>Entra\u00eenements<\/strong><\/h4>\n<p class=\"gmaildefault\">Nous avons pr\u00e9vu des entra\u00eenements qui vous permettront de rencontrer les participants \u00e0 ce d\u00e9fi, jeunes &#8211; coureurs &#8211; pousseurs &#8211; familles &#8211; organisateurs. Et de faire un petit galop d&rsquo;essai ( entre 30 min et 1 h) pour tester le mat\u00e9riel et la vitesse\u00a0 de votre \u00e9quipe. C&rsquo;est donc important et sympa que vous y participiez !<\/p>\n<p class=\"gmaildefault\"><b><u>Pour les coureurs<\/u><\/b> : 15 mars et le 19 avril 2026 \u00e0 10h.<\/p>\n<div class=\"text_exposed_show\">\n<p>Plus d&rsquo;informations dans le mail que vous avez re\u00e7u! Si ce n&rsquo;est pas le cas, n&rsquo;h\u00e9sitez pas \u00e0 regarder vos spams ou nous pr\u00e9venir au mail : couriraveclirahm@gmail.com<\/p>\n<\/div>\n<h4><strong>Jour J\u00a0<\/strong><\/h4>\n<p>Informations \u00e0 venir.<\/p>\n","protected":false},"excerpt":{"rendered":"<p>Comment s&rsquo;inscrire? Aller sur l&rsquo;onglet \u00ab\u00a0inscriptions\u00a0\u00bb et remplir le formulaire avant le 4 mars Payer la somme de 50 euros (inscription, frais d\u2019organisation + t-shirt) sur le compte BE68 7320 1572 2034\u00a0avec comme communication \u00ab\u00a0Th\u00e9rapies : 20 KM + Nom et pr\u00e9nom\u00a0\u00bb (ou de 40\u20ac si vous avez d\u00e9j\u00e0 un T-shirt de l&rsquo;ann\u00e9e 2025). Attendre&#8230; <a href=\"https:\/\/www.couriraveclirahm.be\/index.php\/en-pratique\/\">Continue reading <span class=\"screen-reader-text\">\u00ab\u00a0En pratique\u00a0\u00bb<\/span><\/a><\/p>\n","protected":false},"author":1,"featured_media":798,"parent":0,"menu_order":0,"comment_status":"closed","ping_status":"closed","template":"","meta":{"footnotes":""},"class_list":["post-211","page","type-page","status-publish","has-post-thumbnail","hentry"],"_links":{"self":[{"href":"https:\/\/www.couriraveclirahm.be\/index.php\/wp-json\/wp\/v2\/pages\/211","targetHints":{"allow":["GET"]}}],"collection":[{"href":"https:\/\/www.couriraveclirahm.be\/index.php\/wp-json\/wp\/v2\/pages"}],"about":[{"href":"https:\/\/www.couriraveclirahm.be\/index.php\/wp-json\/wp\/v2\/types\/page"}],"author":[{"embeddable":true,"href":"https:\/\/www.couriraveclirahm.be\/index.php\/wp-json\/wp\/v2\/users\/1"}],"replies":[{"embeddable":true,"href":"https:\/\/www.couriraveclirahm.be\/index.php\/wp-json\/wp\/v2\/comments?post=211"}],"version-history":[{"count":14,"href":"https:\/\/www.couriraveclirahm.be\/index.php\/wp-json\/wp\/v2\/pages\/211\/revisions"}],"predecessor-version":[{"id":804,"href":"https:\/\/www.couriraveclirahm.be\/index.php\/wp-json\/wp\/v2\/pages\/211\/revisions\/804"}],"wp:featuredmedia":[{"embeddable":true,"href":"https:\/\/www.couriraveclirahm.be\/index.php\/wp-json\/wp\/v2\/media\/798"}],"wp:attachment":[{"href":"https:\/\/www.couriraveclirahm.be\/index.php\/wp-json\/wp\/v2\/media?parent=211"}],"curies":[{"name":"wp","href":"https:\/\/api.w.org\/{rel}","templated":true}]}}