{"id":86,"date":"2018-12-10T11:48:02","date_gmt":"2018-12-10T10:48:02","guid":{"rendered":"http:\/\/www.couriraveclirahm.be\/?page_id=86"},"modified":"2024-12-30T15:50:39","modified_gmt":"2024-12-30T14:50:39","slug":"le-projet","status":"publish","type":"page","link":"https:\/\/www.couriraveclirahm.be\/index.php\/le-projet\/","title":{"rendered":"Le projet"},"content":{"rendered":"<div id=\"pl-86\"  class=\"panel-layout\" ><div id=\"pg-86-0\"  class=\"panel-grid panel-no-style\" ><div id=\"pgc-86-0-0\"  class=\"panel-grid-cell\" ><div id=\"panel-86-0-0-0\" class=\"so-panel widget widget_sow-editor panel-first-child panel-last-child\" data-index=\"0\" ><div\n\t\t\t\n\t\t\tclass=\"so-widget-sow-editor so-widget-sow-editor-base\"\n\t\t\t\n\t\t>\n<div class=\"siteorigin-widget-tinymce textwidget\">\n\t<p><span style=\"color: #333333;\"><span style=\"font-family: arial, sans-serif;\">Cela fait quelques ann\u00e9es maintenant que des jeunes de l'IRAHM participent \u00e0 des \u00e9v\u00e9nements sportifs tels que les 20kms de Bruxelles ou les 15km de Woluw\u00e9. Nous relan\u00e7ons cette ann\u00e9e <\/span><span style=\"font-family: arial, sans-serif;\">en<\/span><span style=\"font-family: arial, sans-serif;\">cor<\/span><span style=\"font-family: arial, sans-serif;\">e <\/span><span style=\"font-family: arial, sans-serif;\">ce d\u00e9fi <\/span><span style=\"font-family: arial, sans-serif;\">avec les 20 km de Bruxelles!<\/span><\/span><\/p>\n<p><span style=\"color: #333333;\"><span style=\"font-family: arial, sans-serif;\">En 2024, 6 jeunes ont particip\u00e9, entour\u00e9s par leurs \u00e9quipes. Celles-ci sont compos\u00e9es de membres de leur famille<\/span>, du personnel de l'IRAHM, d'amis, de personnes venues de partout pour soutenir ce d\u00e9fi.<\/span><span style=\"color: #333333; font-family: arial, sans-serif;\"> Certains participants roulaient, d'autres couraient, ou encore marchaient! Et tous sont arriv\u00e9s!<\/span><\/p>\n<div class=\"gmail_default\"><span style=\"font-family: arial, sans-serif; color: #333333;\">Relever ce d\u00e9fi c\u2019est, pour les jeunes comme pour leur \u00e9quipe, l\u2019occasion de se rencontrer lors des entra\u00eenements\u00a0et le jour J, de d\u00e9couvrir les possibilit\u00e9s de chacun, de r\u00e9aliser ensemble\u00a0 une activit\u00e9 sportive qui am\u00e8ne chacun \u00e0 s'entra\u00eener et\u00a0 \u00e0 pers\u00e9v\u00e9rer, tout en se joignant \u00e0 un \u00e9v\u00e9nement \u00ab\u00a0inclusif\u00a0\u00bb, ouvert \u00e0 tous.\u00a0 Et si l\u2019ambiance du d\u00e9part est excitante, le moment du passage de la ligne d\u2019arriv\u00e9e est aussi \u00e0 chaque fois un moment de grande intensit\u00e9\u00a0!<br \/>\n<\/span><\/div>\n<div class=\"gmail_default\"><span style=\"color: #333333; font-family: arial, sans-serif;\">\u00a0<\/span><span style=\"color: #333333; font-family: arial, sans-serif;\">\u00a0<\/span><\/div>\n<div class=\"gmail_default\"><span style=\"color: #333333;\">Concr\u00e8tement nous cherchons donc des coureurs pr\u00eats \u00e0 s'investir dans une \u00e9quipe pour pousser ou accompagner un jeune. Sachez que nous nous occupons de tout, ou presque : des inscriptions \u00e0 l'organisation des 2 entra\u00eenements et du jour J.<\/span><\/div>\n<div class=\"gmail_default\"><span style=\"color: #333333;\">Pour les d\u00e9tails pratiques, suivez\u00a0\u00a0<a style=\"color: #333333;\" href=\"http:\/\/www.couriraveclirahm.be\/index.php\/en-pratique\/\" target=\"_blank\" rel=\"noopener\" data-saferedirecturl=\"https:\/\/www.google.com\/url?q=http:\/\/www.couriraveclirahm.be\/index.php\/en-pratique\/&amp;source=gmail&amp;ust=1578748109039000&amp;usg=AFQjCNHK7I6Hg6XyqqpXy6RpG3s5BmBDgA\">ce lien<\/a>.\u00a0Et pour les inscriptions, suivez\u00a0\u00a0<a style=\"color: #333333;\" href=\"http:\/\/www.couriraveclirahm.be\/index.php\/inscription\/\" target=\"_blank\" rel=\"noopener\" data-saferedirecturl=\"https:\/\/www.google.com\/url?q=http:\/\/www.couriraveclirahm.be\/index.php\/inscription\/&amp;source=gmail&amp;ust=1578748109040000&amp;usg=AFQjCNHaxwTc7NawEXq4GIumWKY_NtJnZQ\">celui-ci.<\/a><\/span><\/div>\n<div class=\"gmail_default\"><\/div>\n<div class=\"gmail_default\"><span style=\"color: #333333;\">Enfin, gr\u00e2ce aux parrainages et aux dons que nous rassemblons \u00e0 cette occasion, nous finan\u00e7ons l'achat de mat\u00e9riels destin\u00e9s aux diff\u00e9rentes th\u00e9rapies, kin\u00e9, ergo et logo\u00a0 : l\u2019ann\u00e9e pass\u00e9e, nous avons pu acheter du mobilier adapt\u00e9 ainsi que de nombreux jeux sp\u00e9cialis\u00e9s .... Nos achats r\u00e9pondent toujours aux besoins moteurs et cognitifs de nombreux jeunes, leur permettant ainsi d'avoir acc\u00e8s plus facilement \u00e0 des activit\u00e9s de loisirs, de jeux, d'int\u00e9gration sociale. Pour nous soutenir financi\u00e8rement, les infos se trouvent\u00a0<a style=\"color: #333333;\" href=\"http:\/\/www.couriraveclirahm.be\/index.php\/nous-soutenir\/\" target=\"_blank\" rel=\"noopener\" data-saferedirecturl=\"https:\/\/www.google.com\/url?q=http:\/\/www.couriraveclirahm.be\/index.php\/nous-soutenir\/&amp;source=gmail&amp;ust=1578748109040000&amp;usg=AFQjCNEOwTXAOZjcEgL7vkybSR8RxybsOQ\">ici<\/a>.<\/span><\/div>\n<div class=\"gmail_default\"><\/div>\n<div class=\"gmail_default\">\n<div><span style=\"color: #333333;\"><b>Un tout grand merci d'avance du soutien que vous nous apporterez, sous quelle que forme que ce soit.\u00a0\u00a0<\/b><\/span><span style=\"color: #333333;\"><b>C'est gr\u00e2ce \u00e0 vous que nous\u00a0 arrivons chaque ann\u00e9e \u00e0 relever ce d\u00e9fi !<\/b><\/span><\/div>\n<\/div>\n<p>&nbsp;<\/p>\n<p><span style=\"color: #333333;\">Vous trouverez toutes les informations compl\u00e9mentaires concernant les courses sur le site internet de 20km de Bruxelles :<span style=\"color: #0000ff;\"> <a style=\"color: #0000ff;\" href=\"https:\/\/www.20kmdebruxelles.be\/\">ici<\/a><\/span><\/span><\/p>\n<p><span style=\"color: #333333;\">Concr\u00e8tement nous cherchons des coureurs pr\u00eats \u00e0 s'investir dans une \u00e9quipe pour pousser ou accompagner un jeune sur la distance que vous aurez choisie!<\/span><\/p>\n<p><span style=\"color: #333333;\">Nous avons programm\u00e9 deux entra\u00eenements collectifs, auxquels il est important de participer :<\/span><\/p>\n<ul>\n<li><span style=\"color: #333333;\">Le dimanche 16 mars: premier entrainement: rencontre avec le jeune et toute l'\u00e9quipe \u00e0 l'IRAHM, d\u00e9couverte du mat\u00e9riel et petit tour de chauffe.<\/span><\/li>\n<li><span style=\"color: #333333;\">Le dimanche 13 avril : deuxi\u00e8me entra\u00eenement : Ajustements de mat\u00e9riel si n\u00e9cessaire, ajustement du tempo, et chauffage des semelles! Toujours rendez-vous \u00e0 l'IRAHM.<\/span><\/li>\n<\/ul>\n<p>&nbsp;<\/p>\n<p><span style=\"color: #333333;\">Les d\u00e9tails concernant les entra\u00eenements suivront en temps utile et seront post\u00e9s sur la page \"en pratique\".<\/span><\/p>\n<\/div>\n<\/div><\/div><\/div><\/div><div id=\"pg-86-1\"  class=\"panel-grid panel-no-style\" ><div id=\"pgc-86-1-0\"  class=\"panel-grid-cell\" ><div id=\"panel-86-1-0-0\" class=\"so-panel widget widget_sow-image panel-first-child panel-last-child\" data-index=\"1\" ><div\n\t\t\t\n\t\t\tclass=\"so-widget-sow-image so-widget-sow-image-default-8b5b6f678277-86\"\n\t\t\t\n\t\t>\n<div class=\"sow-image-container\">\n\t\t<img \n\tsrc=\"https:\/\/www.couriraveclirahm.be\/wp-content\/uploads\/2019\/12\/Woluwe_2019_XL_BD_-27.jpg\" width=\"4000\" height=\"2667\" srcset=\"https:\/\/www.couriraveclirahm.be\/wp-content\/uploads\/2019\/12\/Woluwe_2019_XL_BD_-27.jpg 4000w, https:\/\/www.couriraveclirahm.be\/wp-content\/uploads\/2019\/12\/Woluwe_2019_XL_BD_-27-300x200.jpg 300w, https:\/\/www.couriraveclirahm.be\/wp-content\/uploads\/2019\/12\/Woluwe_2019_XL_BD_-27-768x512.jpg 768w, https:\/\/www.couriraveclirahm.be\/wp-content\/uploads\/2019\/12\/Woluwe_2019_XL_BD_-27-1024x683.jpg 1024w, https:\/\/www.couriraveclirahm.be\/wp-content\/uploads\/2019\/12\/Woluwe_2019_XL_BD_-27-612x408.jpg 612w, https:\/\/www.couriraveclirahm.be\/wp-content\/uploads\/2019\/12\/Woluwe_2019_XL_BD_-27-1224x816.jpg 1224w, https:\/\/www.couriraveclirahm.be\/wp-content\/uploads\/2019\/12\/Woluwe_2019_XL_BD_-27-936x624.jpg 936w, https:\/\/www.couriraveclirahm.be\/wp-content\/uploads\/2019\/12\/Woluwe_2019_XL_BD_-27-1872x1248.jpg 1872w, https:\/\/www.couriraveclirahm.be\/wp-content\/uploads\/2019\/12\/Woluwe_2019_XL_BD_-27-1440x960.jpg 1440w, https:\/\/www.couriraveclirahm.be\/wp-content\/uploads\/2019\/12\/Woluwe_2019_XL_BD_-27-720x480.jpg 720w, https:\/\/www.couriraveclirahm.be\/wp-content\/uploads\/2019\/12\/Woluwe_2019_XL_BD_-27-272x182.jpg 272w\" sizes=\"(max-width: 4000px) 100vw, 4000px\" alt=\"\" \t\tclass=\"so-widget-image\"\/>\n\t<\/div>\n\n<\/div><\/div><\/div><div id=\"pgc-86-1-1\"  class=\"panel-grid-cell\" ><div id=\"panel-86-1-1-0\" class=\"so-panel widget widget_sow-image panel-first-child panel-last-child\" data-index=\"2\" ><div\n\t\t\t\n\t\t\tclass=\"so-widget-sow-image so-widget-sow-image-default-8b5b6f678277-86\"\n\t\t\t\n\t\t>\n<div class=\"sow-image-container\">\n\t\t<img \n\tsrc=\"https:\/\/www.couriraveclirahm.be\/wp-content\/uploads\/2019\/12\/Jo5.jpg\" width=\"4031\" height=\"3153\" srcset=\"https:\/\/www.couriraveclirahm.be\/wp-content\/uploads\/2019\/12\/Jo5.jpg 4031w, https:\/\/www.couriraveclirahm.be\/wp-content\/uploads\/2019\/12\/Jo5-300x235.jpg 300w, https:\/\/www.couriraveclirahm.be\/wp-content\/uploads\/2019\/12\/Jo5-768x601.jpg 768w, https:\/\/www.couriraveclirahm.be\/wp-content\/uploads\/2019\/12\/Jo5-1024x801.jpg 1024w, https:\/\/www.couriraveclirahm.be\/wp-content\/uploads\/2019\/12\/Jo5-612x479.jpg 612w, https:\/\/www.couriraveclirahm.be\/wp-content\/uploads\/2019\/12\/Jo5-1224x957.jpg 1224w, https:\/\/www.couriraveclirahm.be\/wp-content\/uploads\/2019\/12\/Jo5-936x732.jpg 936w, https:\/\/www.couriraveclirahm.be\/wp-content\/uploads\/2019\/12\/Jo5-1872x1464.jpg 1872w, https:\/\/www.couriraveclirahm.be\/wp-content\/uploads\/2019\/12\/Jo5-1440x1126.jpg 1440w, https:\/\/www.couriraveclirahm.be\/wp-content\/uploads\/2019\/12\/Jo5-720x563.jpg 720w\" sizes=\"(max-width: 4031px) 100vw, 4031px\" alt=\"\" \t\tclass=\"so-widget-image\"\/>\n\t<\/div>\n\n<\/div><\/div><\/div><\/div><\/div>","protected":false},"excerpt":{"rendered":"<p>Cela fait quelques ann\u00e9es maintenant que des jeunes de l&rsquo;IRAHM participent \u00e0 des \u00e9v\u00e9nements sportifs tels que les 20kms de Bruxelles ou les 15km de Woluw\u00e9. Nous relan\u00e7ons cette ann\u00e9e encore ce d\u00e9fi avec les 20 km de Bruxelles! En 2024, 6 jeunes ont particip\u00e9, entour\u00e9s par leurs \u00e9quipes. Celles-ci sont compos\u00e9es de membres de&#8230; <a href=\"https:\/\/www.couriraveclirahm.be\/index.php\/le-projet\/\">Continue reading <span class=\"screen-reader-text\">\u00ab\u00a0Le projet\u00a0\u00bb<\/span><\/a><\/p>\n","protected":false},"author":1,"featured_media":51,"parent":0,"menu_order":0,"comment_status":"closed","ping_status":"closed","template":"","meta":{"footnotes":""},"class_list":["post-86","page","type-page","status-publish","has-post-thumbnail","hentry"],"_links":{"self":[{"href":"https:\/\/www.couriraveclirahm.be\/index.php\/wp-json\/wp\/v2\/pages\/86","targetHints":{"allow":["GET"]}}],"collection":[{"href":"https:\/\/www.couriraveclirahm.be\/index.php\/wp-json\/wp\/v2\/pages"}],"about":[{"href":"https:\/\/www.couriraveclirahm.be\/index.php\/wp-json\/wp\/v2\/types\/page"}],"author":[{"embeddable":true,"href":"https:\/\/www.couriraveclirahm.be\/index.php\/wp-json\/wp\/v2\/users\/1"}],"replies":[{"embeddable":true,"href":"https:\/\/www.couriraveclirahm.be\/index.php\/wp-json\/wp\/v2\/comments?post=86"}],"version-history":[{"count":31,"href":"https:\/\/www.couriraveclirahm.be\/index.php\/wp-json\/wp\/v2\/pages\/86\/revisions"}],"predecessor-version":[{"id":671,"href":"https:\/\/www.couriraveclirahm.be\/index.php\/wp-json\/wp\/v2\/pages\/86\/revisions\/671"}],"wp:featuredmedia":[{"embeddable":true,"href":"https:\/\/www.couriraveclirahm.be\/index.php\/wp-json\/wp\/v2\/media\/51"}],"wp:attachment":[{"href":"https:\/\/www.couriraveclirahm.be\/index.php\/wp-json\/wp\/v2\/media?parent=86"}],"curies":[{"name":"wp","href":"https:\/\/api.w.org\/{rel}","templated":true}]}}